{"id":158,"date":"2023-06-22T21:27:01","date_gmt":"2023-06-22T19:27:01","guid":{"rendered":"https:\/\/www.shop.quentinaube.com\/?post_type=product&#038;p=158"},"modified":"2026-02-24T09:58:26","modified_gmt":"2026-02-24T08:58:26","slug":"le-mythe-de-la-tete-de-lours","status":"publish","type":"product","link":"https:\/\/www.shop.quentinaube.com\/index.php\/produit\/le-mythe-de-la-tete-de-lours\/","title":{"rendered":"Le mythe de la t\u00eate de l&rsquo;ours"},"content":{"rendered":"<p class=\"wt-text-body-01 wt-break-word\" data-product-details-description-text-content=\"\">\u00ab\u00a0Le mythe de la t\u00eate de l&rsquo;ours\u00a0\u00bb est une illustration r\u00e9alis\u00e9e en hommage \u00e0 la communaut\u00e9 cataphile.<\/p>\n<p>L&rsquo;article est une impression jet d&rsquo;encre (encres \u00e0 pigments) sur papier Velvet Fine-Art Museum<\/p>\n<p>Chaque tirage est num\u00e9rot\u00e9 sign\u00e9 et dat\u00e9.<\/p>\n<p>&nbsp;<\/p>\n<p>Le sous sol Parisien est un d\u00e9dale de galeries de plusieurs centaines de km dont les secrets favorisent le d\u00e9veloppement d&rsquo;art, histoires et l\u00e9gendes. Cette \u0153uvre illustre la disparition d&rsquo;une des nombreuses cr\u00e9ations embl\u00e9matiques de ce monde parall\u00e8le.<\/p>\n","protected":false},"excerpt":{"rendered":"<p>Illustration &#8211; Tirage Num\u00e9rique<\/p>\n<ul>\n<li>largeur\u00a0 : 21 cm<\/li>\n<li>hauteur : 29,7 cm<\/li>\n<\/ul>\n","protected":false},"featured_media":159,"comment_status":"closed","ping_status":"closed","template":"","meta":{"site-sidebar-layout":"default","site-content-layout":"default","ast-site-content-layout":"default","site-content-style":"default","site-sidebar-style":"default","ast-global-header-display":"","ast-banner-title-visibility":"","ast-main-header-display":"","ast-hfb-above-header-display":"","ast-hfb-below-header-display":"","ast-hfb-mobile-header-display":"","site-post-title":"","ast-breadcrumbs-content":"","ast-featured-img":"","footer-sml-layout":"","theme-transparent-header-meta":"default","adv-header-id-meta":"","stick-header-meta":"","header-above-stick-meta":"","header-main-stick-meta":"","header-below-stick-meta":"","astra-migrate-meta-layouts":"set","ast-page-background-enabled":"default","ast-page-background-meta":{"desktop":{"background-color":"var(--ast-global-color-4)","background-image":"","background-repeat":"repeat","background-position":"center center","background-size":"auto","background-attachment":"scroll","background-type":"","background-media":"","overlay-type":"","overlay-color":"","overlay-opacity":"","overlay-gradient":""},"tablet":{"background-color":"","background-image":"","background-repeat":"repeat","background-position":"center center","background-size":"auto","background-attachment":"scroll","background-type":"","background-media":"","overlay-type":"","overlay-color":"","overlay-opacity":"","overlay-gradient":""},"mobile":{"background-color":"","background-image":"","background-repeat":"repeat","background-position":"center center","background-size":"auto","background-attachment":"scroll","background-type":"","background-media":"","overlay-type":"","overlay-color":"","overlay-opacity":"","overlay-gradient":""}},"ast-content-background-meta":{"desktop":{"background-color":"var(--ast-global-color-5)","background-image":"","background-repeat":"repeat","background-position":"center center","background-size":"auto","background-attachment":"scroll","background-type":"","background-media":"","overlay-type":"","overlay-color":"","overlay-opacity":"","overlay-gradient":""},"tablet":{"background-color":"var(--ast-global-color-5)","background-image":"","background-repeat":"repeat","background-position":"center center","background-size":"auto","background-attachment":"scroll","background-type":"","background-media":"","overlay-type":"","overlay-color":"","overlay-opacity":"","overlay-gradient":""},"mobile":{"background-color":"var(--ast-global-color-5)","background-image":"","background-repeat":"repeat","background-position":"center center","background-size":"auto","background-attachment":"scroll","background-type":"","background-media":"","overlay-type":"","overlay-color":"","overlay-opacity":"","overlay-gradient":""}}},"product_brand":[],"product_cat":[46,51,57],"product_tag":[],"class_list":{"0":"post-158","1":"product","2":"type-product","3":"status-publish","4":"has-post-thumbnail","6":"product_cat-prints","7":"product_cat-kta-souterrains","8":"product_cat-tout","9":"product_shipping_class-lettre-a4-et","10":"desktop-align-center","11":"tablet-align-center","12":"mobile-align-center","14":"first","15":"instock","16":"shipping-taxable","17":"purchasable","18":"product-type-simple"},"_links":{"self":[{"href":"https:\/\/www.shop.quentinaube.com\/index.php\/wp-json\/wp\/v2\/product\/158","targetHints":{"allow":["GET"]}}],"collection":[{"href":"https:\/\/www.shop.quentinaube.com\/index.php\/wp-json\/wp\/v2\/product"}],"about":[{"href":"https:\/\/www.shop.quentinaube.com\/index.php\/wp-json\/wp\/v2\/types\/product"}],"replies":[{"embeddable":true,"href":"https:\/\/www.shop.quentinaube.com\/index.php\/wp-json\/wp\/v2\/comments?post=158"}],"wp:featuredmedia":[{"embeddable":true,"href":"https:\/\/www.shop.quentinaube.com\/index.php\/wp-json\/wp\/v2\/media\/159"}],"wp:attachment":[{"href":"https:\/\/www.shop.quentinaube.com\/index.php\/wp-json\/wp\/v2\/media?parent=158"}],"wp:term":[{"taxonomy":"product_brand","embeddable":true,"href":"https:\/\/www.shop.quentinaube.com\/index.php\/wp-json\/wp\/v2\/product_brand?post=158"},{"taxonomy":"product_cat","embeddable":true,"href":"https:\/\/www.shop.quentinaube.com\/index.php\/wp-json\/wp\/v2\/product_cat?post=158"},{"taxonomy":"product_tag","embeddable":true,"href":"https:\/\/www.shop.quentinaube.com\/index.php\/wp-json\/wp\/v2\/product_tag?post=158"}],"curies":[{"name":"wp","href":"https:\/\/api.w.org\/{rel}","templated":true}]}}